{"id":155,"date":"2022-08-27T13:10:34","date_gmt":"2022-08-27T11:10:34","guid":{"rendered":"https:\/\/www.agenceodyssee.fr\/?page_id=155"},"modified":"2022-08-27T13:16:42","modified_gmt":"2022-08-27T11:16:42","slug":"qui-sommes-nous-2","status":"publish","type":"page","link":"https:\/\/www.agenceodyssee.fr\/index.php\/qui-sommes-nous-2\/","title":{"rendered":"Qui sommes-nous ?"},"content":{"rendered":"\n<p>L&rsquo;Agence Odyss\u00e9e a \u00e9t\u00e9 fond\u00e9e en 2021, mais ses membres \u00e9crivent et organisent des aventures grandeur nature depuis presque dix ans maintenant, pour des conventions ou des magasins de jeux \u00e0 titre b\u00e9n\u00e9vole, ou pour des amis \u00e0 titre personnel.<\/p>\n\n\n\n<p>Nous avons notamment particip\u00e9 au salon Octog\u00f4nes sous une forme ou une autre tous les ans de 2015 \u00e0 2020, et organis\u00e9 des aventures pour la boutique Sept Royaumes de Grenoble au cours de l&rsquo;ann\u00e9e 2019.<\/p>\n\n\n\n<p>Les mentalit\u00e9s changeant au sujet des jeux de r\u00f4les, et les gens d\u00e9couvrant avec les escape games de nouveaux moyens de jouer ensemble dans un contexte imaginaire, il nous a sembl\u00e9 qu&rsquo;il \u00e9tait temps de se lancer en tant que professionnels, dans l&rsquo;espoir de participer \u00e0 la d\u00e9couverte de ce type de jeu absolument unique et incroyable.<\/p>\n\n\n\n<p>Nous esp\u00e9rons pouvoir vous aider soit \u00e0 d\u00e9couvrir ce loisir&#8230; Soit \u00e0 en profiter \u00e0 fond et r\u00e9guli\u00e8rement si vous le connaissez d\u00e9j\u00e0 !<\/p>\n\n\n\n<hr class=\"wp-block-separator has-alpha-channel-opacity\"\/>\n\n\n\n<div style=\"height:9px\" aria-hidden=\"true\" class=\"wp-block-spacer\"><\/div>\n\n\n\n<figure class=\"wp-block-image size-large wp-duotone-333533-ffffff-1\"><img loading=\"lazy\" decoding=\"async\" width=\"1024\" height=\"682\" src=\"https:\/\/www.agenceodyssee.fr\/wp-content\/uploads\/2022\/08\/image-from-rawpixel-id-6820774-png-1024x682.png\" alt=\"\" class=\"wp-image-156\" srcset=\"https:\/\/www.agenceodyssee.fr\/wp-content\/uploads\/2022\/08\/image-from-rawpixel-id-6820774-png-1024x682.png 1024w, https:\/\/www.agenceodyssee.fr\/wp-content\/uploads\/2022\/08\/image-from-rawpixel-id-6820774-png-300x200.png 300w, https:\/\/www.agenceodyssee.fr\/wp-content\/uploads\/2022\/08\/image-from-rawpixel-id-6820774-png-768x512.png 768w, https:\/\/www.agenceodyssee.fr\/wp-content\/uploads\/2022\/08\/image-from-rawpixel-id-6820774-png-1536x1024.png 1536w, https:\/\/www.agenceodyssee.fr\/wp-content\/uploads\/2022\/08\/image-from-rawpixel-id-6820774-png-2048x1365.png 2048w\" sizes=\"auto, (max-width: 1024px) 100vw, 1024px\" \/><\/figure>\n","protected":false},"excerpt":{"rendered":"<p>L&rsquo;Agence Odyss\u00e9e a \u00e9t\u00e9 fond\u00e9e en 2021, mais ses membres \u00e9crivent et organisent des aventures grandeur nature depuis presque dix ans maintenant, pour des conventions ou des magasins de jeux \u00e0 titre b\u00e9n\u00e9vole, ou pour des amis \u00e0 titre personnel. Nous avons notamment particip\u00e9 au salon Octog\u00f4nes sous une forme ou une autre tous les [&hellip;]<\/p>\n","protected":false},"author":1,"featured_media":0,"parent":0,"menu_order":0,"comment_status":"closed","ping_status":"closed","template":"","meta":{"footnotes":""},"class_list":["post-155","page","type-page","status-publish","hentry"],"_links":{"self":[{"href":"https:\/\/www.agenceodyssee.fr\/index.php\/wp-json\/wp\/v2\/pages\/155","targetHints":{"allow":["GET"]}}],"collection":[{"href":"https:\/\/www.agenceodyssee.fr\/index.php\/wp-json\/wp\/v2\/pages"}],"about":[{"href":"https:\/\/www.agenceodyssee.fr\/index.php\/wp-json\/wp\/v2\/types\/page"}],"author":[{"embeddable":true,"href":"https:\/\/www.agenceodyssee.fr\/index.php\/wp-json\/wp\/v2\/users\/1"}],"replies":[{"embeddable":true,"href":"https:\/\/www.agenceodyssee.fr\/index.php\/wp-json\/wp\/v2\/comments?post=155"}],"version-history":[{"count":2,"href":"https:\/\/www.agenceodyssee.fr\/index.php\/wp-json\/wp\/v2\/pages\/155\/revisions"}],"predecessor-version":[{"id":164,"href":"https:\/\/www.agenceodyssee.fr\/index.php\/wp-json\/wp\/v2\/pages\/155\/revisions\/164"}],"wp:attachment":[{"href":"https:\/\/www.agenceodyssee.fr\/index.php\/wp-json\/wp\/v2\/media?parent=155"}],"curies":[{"name":"wp","href":"https:\/\/api.w.org\/{rel}","templated":true}]}}